ive c(k).
5
Let t(l) = -l**2 - 7*l - 4. Let x be (6/15)/(2/(-30)). Let a be t(x). Let m(r) = 6 - r**a + 6*r - 8 + 0*r. What is m(5)?
3
Let m(d) = -d - 13. Let t be (-22)/5*(-50)/(-20). Calculate m(t).
-2
Let r(a) = -a**3 - 5*a**2 - 1. Let c be r(-5). Suppose 5*g - 41 = 5*x + 4, 3*x - 15 = -4*g. Let v(b) = -g*b - b - b + b**2 + 9*b + 1. Give v(c).
1
Let i(g) = g**3 + 5*g**2 + g - 1. Suppose 2*k = -3*h - h + 20, -4*h - 5*k + 14 = 0. Suppose 2 = -h*c + 5*c. Determine i(c).
9
Let f(b) be the first derivative of -2*b**4 + 809. Calculate f(-1).
8
Let t(o) = 6*o. Let j be (-4 - -1) + 18*2/6. Suppose 3 = p, x + 2 = p - j. Give t(x).
-12
Let k be (27/3)/((-4)/(-4)). Suppose 2*p - 5*v + 5 = 0, k = 2*v + v. Suppose 2*a + p*w - 9 = 0, 2*a + 0 = -3*w + 3. Let c(t) = -t - 1. What is c(a)?
2
Suppose -14 = -1194*k + 1201*k. Let h(d) = -d**2 - 2*d - 1. Give h(k).
-1
Let j(l) = -l**2 + 10*l - 11. Let b be j(9). Let s = -2 - b. Let i(m) = 3*m**2 - 12*m - 14. Let g(k) = 2*k**2 - 7*k - 8. Let p(a) = -5*g(a) + 3*i(a). Give p(s).
-2
Let u be ((-20)/(-50))/(2/10). Let p(b) = -2*b - u + 0 + 2*b - 2*b. Calculate p(-3).
4
Suppose -2*h + 35 = 5*p, 0*h - 5*h = -5*p. Suppose 5*a = -4*f + 17, -f - 5*a - 6 = -14. Let k(v) = -24*v**3 - f - 4*v**2 + 25*v**3 - 3*v - 3*v. Determine k(h).
-8
Let c(t) be the third derivative of -t**7/840 + t**6/360 - t**5/120 - t**4/12 + 5*t**3/6 - 7*t**2. Let q(a) be the first derivative of c(a). Give q(2).
-8
Suppose -10*t + 214 + 616 = 0. Let z = t + -72. Let w(v) = v**2 - 12*v + 11. Determine w(z).
0
Let x(r) = 11*r**2 + 5*r - 14. Let c(k) = -2*k**2 - k + 2. Let h(u) = -6*c(u) - x(u). What is h(-2)?
4
Let c(q) = -5*q**2 + 2*q + 5. Let o(m) = 6*m**2 - m - 4. Let a be (10/2 - 1) + 1. Let v(j) = a*c(j) + 4*o(j). What is v(7)?
2
Suppose 0 = -v - 5*l + 3, v + 5*l = 3*l - 3. Let w(q) = q**3 + 9*q**2 + 10*q + 3. What is w(v)?
31
Let g(o) = -10*o**2 + 36*o**2 - 13*o**2 - 12*o**2 + 12*o - 3*o. Determine g(-7).
-14
Let p = 24 + -15. Let g(m) = -m**3 + 10*m**2 - 11*m + 8. Determine g(p).
-10
Let p(b) = -5*b + 2*b + b**2 - 5 + 4. Let d be -2*(-9)/(-24)*48. Let z be (-120)/d - 4/3. Determine p(z).
-3
Let z(u) = u**2 + 8*u + 7. Suppose -85*a + 83*a + 3*w = 11, -2 = -2*w. Calculate z(a).
-9
Suppose o - 3*c - 18 = -o, o + 4*c + 2 = 0. Let t(z) = -o*z**2 + 96 + 94 - 192 - z - z**3. What is t(-6)?
4
Let d(w) = -20*w + 0 + 3 + 22*w + 3*w. Give d(-4).
-17
Let m(p) = p + 6. Suppose 12*j = -3*j - 1320. Let n = j - -88. Give m(n).
6
Suppose -125 = -5*m + 3*i, -3*m = m - i - 93. Let k = m - 17. Let j(y) = y**2 - 8*y + 6. Determine j(k).
-9
Let r(y) = 0*y - 2 + 2*y + 0*y - 3*y. Let p(q) = -q**2 - 5*q + 4. Let a be p(-5). Suppose 5 = -a*m + 1. Determine r(m).
-1
Let i(s) = 9*s**3 - 10*s**3 - 7 + 8*s**2 - 3*s**2 + 5*s. What is i(6)?
-13
Let n(o) = -3*o**3 - 3*o**2 - 17*o - 2. Let y(a) = 2*a**3 + a**2 + 9*a + 1. Let t(r) = 3*n(r) + 5*y(r). Calculate t(6).
35
Let z(d) = d**2 - 2*d - 3. Suppose -7*x + 36 = -5*x. Suppose 0 = 6*t - x - 0. Give z(t).
0
Let f(h) = 6*h - 2. Let v(o) = -4. Let c(z) = 1 + 1 - 1. Let i(t) = -3*c(t) - v(t). Let q(a) = f(a) + 2*i(a). Determine q(1).
6
Suppose -3*f + 26 = -5*d, 4*f + 13 = d + 76. Suppose f*k - 72 + 4 = 0. Let j(w) = 5*w - 3*w - w. Determine j(k).
4
Let q(g) = -g**3 - 4*g**2 - 2*g + 2. Let p(b) = -b**2 + b + 4. Let f be p(-2). Determine q(f).
-2
Let d(n) = 4*n + 122. Let p be d(-32). Let q(i) = -2*i - 10. Give q(p).
2
Let h(g) = g**2 - 4*g + 3. Let b(p) = -2*p - 16. Let l be b(-9). What is h(l)?
-1
Let w = 5 + -3. Let a(i) = i**2 + 2*i - 2*i**2 + 2*i**3 - 259672 - 5*i + 259675. Calculate a(w).
9
Let g = 35 + -33. Suppose -2*s + 1 = s - 2*o, -g*s - 5*o - 31 = 0. Let h(u) = 5*u. Calculate h(s).
-15
Let t = -6 + 16. Let b be -2 + t/6 + 38/6. Let c(u) = -u**2 + 9*u. Give c(b).
18
Let u(j) = j**2 + j + 3. Let p be u(0). Let d(b) = 6*b - p - 3*b + 8. What is d(-4)?
-7
Let t(d) = 8*d - 23*d + 10*d. Let r be t(-1). Let c(h) = 1 - 3 - h**3 - 5*h**2 + 2 + r + 3*h. What is c(-5)?
-10
Suppose 0 = 23*h + 122 + 39. Let w(k) = -k**2 - 7*k - 4. Calculate w(h).
-4
Suppose -b = b. Suppose 11 = -2*j - 3*u, b*u - 2*u - 14 = -2*j. Let a(y) = -y**3 + 3*y**2 - y + 1. Give a(j).
3
Let t(p) = p**3 + 158*p**2 + 7*p - 121*p**2 - 44*p**2 + 8. Let i(b) be the second derivative of b**3/6 + 3*b**2 + b. Let o be i(0). Calculate t(o).
14
Let w(m) = 16 - 18 + m - 2*m. Let j be w(-4). Let g(h) be the second derivative of -h**3/3 + h**2 + 9*h. What is g(j)?
-2
Suppose -66*s + 40 = -70*s. Let p(t) = t**3 + 11*t**2 + 10*t + 1. Calculate p(s).
1
Suppose 5*n = -h - 27, 5*h - h - 18 = n. Let o be (2 - 2)/(n/3). Let l(m) = m**2 + 3. Determine l(o).
3
Suppose -3*t - 3*n = 0, -1 = 3*t - n + 7. Let w(k) = -18*k - 6. Calculate w(t).
30
Let o(d) be the first derivative of 4*d**2 - 3*d**2 - 1 - 8 - 3*d**2. Let b be (-2)/((-6)/(-9)) - -2. What is o(b)?
4
Let c(v) = 17*v**3 - 8*v**2 + 16*v - 8. Let y(m) = -12*m**3 + 5*m**2 - 11*m + 5. Let o(b) = 5*c(b) + 7*y(b). Let j be (-2 - -1)/1 + 5. Calculate o(j).
-9
Suppose -x + 4*q = -6, 5*q - 5 = -3*x + 4*q. Let u(w) be the first derivative of -2*w**3/3 - w + 13. What is u(x)?
-9
Suppose 7*y = 120 - 176. Let g(x) = -x**2 - 8*x - 7. What is g(y)?
-7
Let y(g) be the first derivative of g**4/4 + g**3/3 + 6*g + 30. Let t = -6 + 9. Let k be 0/(-2*t/6). Give y(k).
6
Suppose 0 = 3*h + 3, 2*j - 3 = -2*j - h. Suppose -j = p - 3. Let a(z) = -2 + 5*z + 2*z**p - 3*z**2 + 4 - 5. Calculate a(3).
3
Suppose 0 = 3*x - 5*x + 14. Let p(u) = 2*u - 4*u - 9*u**2 + x*u**2 - u**3 + 0 + 1. Let b be p(-2). Let r(o) = -o**2 + 5*o + 3. Determine r(b).
3
Let s be 2/(-8) + 9/(-12). Let y(f) be the third derivative of 0*f + 0 + 1/30*f**5 + 0*f**3 - 16*f**2 - 1/24*f**4. What is y(s)?
3
Let t = -6 - -21. Suppose -f + t = 4*f. Let v(p) = -p**2 + 3*p + 2. Determine v(f).
2
Let i(h) = h**2 + 3*h - 1. Let q be i(-7). Let p(y) = 5 - q*y + 75*y - 23*y - 24*y. What is p(-5)?
0
Let f(j) = -j**3 - 8*j**2 - 6*j - 1. Let i(w) be the second derivative of w**3/6 + w**2 - 2*w. Let l be i(-9). What is f(l)?
-8
Let s(j) be the first derivative of 7*j - 1/2*j**2 + 12. Determine s(5).
2
Let x(c) = -20*c**3 - 17*c**2 - 8*c + 5. Let j(q) = -11*q**3 - 8*q**2 - 3*q + 2. Let r(t) = 11*j(t) - 6*x(t). Calculate r(15).
-8
Suppose r + 16 = -4*t, -r = -t + 4*t + 12. Suppose r = -2*k + 5*k + 15. Let u(g) be the first derivative of -g**3/3 - 3*g**2/2 + 7*g - 1. Determine u(k).
-3
Let k(d) = -d - 12. Suppose -4*p = -a - 11, 1 = -p + 2*a - a. Let m = 49 - p. Let c be m/(-7) - 9/(-21). What is k(c)?
-6
Let f(u) = 2*u + 124 - 4*u - 128. Give f(7).
-18
Let s(r) = r**3 + 7*r**2 + 5*r. Let g be s(-6). Suppose -3*m = g - 0. Let f(b) = -b**2 - 2*b + 13 + 14 + 18 + 13 - 56. What is f(m)?
2
Let y(k) = 2*k + 3. Suppose a + 1 = 2*a. Suppose -a = 5*m + 9. Determine y(m).
-1
Suppose -2*f + 16 = 3*y - 0, -2*f + 10 = 0. Let s(n) = -16 + 38 + n - 19 - y*n. Let a be 6 + (-1 + 0)/(-1). Calculate s(a).
-4
Let k be 2/(-4) + (-14)/(-4). Let i(z) = -4*z**3 - 2*z**2 + 3*z + 4. Let m(p) = -p**3 - p**2. Let o(y) = k*m(y) - i(y). Let h = -125 + 128. Give o(h).
5
Let t = -1402 - -1410. Let m(n) be the first derivative of 9/2*n**2 + t*n - 1 + 1/3*n**3. Give m(-8).
0
Let k(w) be the second derivative of w**4/8 - 4*w**2 - 14*w. Let z(i) be the first derivative of k(i). Let h = -9 - -11. Determine z(h).
6
Let q = -168 - -162. Let g(u) = u**3 + 5*u**2 - 4*u + 1. What is g(q)?
-11
Let f(i) = -i**2 - i + 1. Suppose 0 = -a + 5*b - 14, -2*b + 8 = a + a. Calculate f(a).
-1
Let k be (5/((-10)/(-3)))/(12/(-48)). Let z(j) = j**2 - 1. Let i(n) = 7*n**2 + 8*n + 3. Let s(u) = i(u) - 6*z(u). Calculate s(k).
-3
Suppose 20 = -3*u - 4*s, 3*s + 2 = -u - 8. Let l(y) = 5*y**2 - 7*y. Let a(w) = 11*w**2 - 15*w + 1. Let f(i) = u*a(i) + 9*l(i). Determine f(4).
0
Suppose c + 3*x - 1 = 0, c - x + 5*x - 3 = 0. Let f(q) be the third derivative of 0 + 2*q**2 + 1/6*q**3 + 1/12*q**4 + 0*q. Give f(c).
-9
Suppose 0 = -2*c - 5*a + 65, -40 = 2*c - 3*c - 5*a. Let k be 10/c*-5 - (-3 + 0). Let l(m) = -m**2. Calculate l(k).
-1
Let r(s) be the first derivative of -7*s - 1/2*s**2 - 48. Calculate r(-5).
-2
Suppose 0*k - 12 = -4*k. Let f(q) be the second derivative of 5/6*q**3 - 1/12*q**4 + 0 + 25*q - 3/2*q**2. Calculate f(k).
3
Suppose 0 = h - m - 6, 2*h + 3 = -2*h - 5*m